ate the greatest common divisor of 1116804 and 4836.
156
Calculate the greatest common divisor of 10 and 72349510.
10
What is the greatest common divisor of 5490 and 12898350?
90
What is the greatest common divisor of 6669142 and 4018?
82
Calculate the highest common factor of 806 and 93586636.
26
Calculate the highest common factor of 108997 and 581.
7
What is the highest common factor of 62452128 and 672?
96
What is the highest common divisor of 20320 and 5335360?
160
What is the highest common divisor of 45411096 and 4128?
1032
What is the highest common divisor of 334074 and 4992?
78
Calculate the greatest common factor of 110 and 1768810.
10
Calculate the highest common factor of 7707 and 7546254.
1101
What is the highest common factor of 9664 and 15809700?
604
Calculate the highest common divisor of 231582 and 73866.
78
What is the greatest common divisor of 10955 and 17837870?
1565
What is the highest common divisor of 273768 and 15660?
12
Calculate the greatest common factor of 3225068 and 794612.
1036
Calculate the highest common divisor of 949730 and 49859.
73
What is the greatest common divisor of 710 and 8730515?
355
Calculate the greatest common factor of 1640 and 16876010.
410
Calculate the highest common divisor of 3280 and 33648495.
205
Calculate the greatest common factor of 1207 and 30372948.
1207
What is the highest common factor of 1005207 and 12231?
453
What is the highest common factor of 12847604 and 14140?
2828
What is the greatest common divisor of 8400 and 2849952?
336
What is the highest common factor of 115646181 and 21?
21
What is the greatest common divisor of 610946 and 2970170?
2114
What is the greatest common factor of 3564162 and 4939?
449
What is the highest common factor of 365634 and 109674?
162
Calculate the highest common divisor of 8271410 and 770.
70
Calculate the greatest common factor of 457465 and 315.
5
Calculate the highest common divisor of 12 and 54684660.
12
Calculate the greatest common divisor of 90752 and 119821.
709
Calculate the greatest common factor of 147159 and 48057.
249
What is the greatest common factor of 172 and 694493?
43
What is the greatest common factor of 27097 and 6186964?
553
What is the highest common factor of 94573125 and 1173?
1173
Calculate the greatest common divisor of 28935 and 4527.
9
Calculate the highest common factor of 121409268 and 4836.
372
Calculate the highest common divisor of 34996996 and 18608.
4652
Calculate the highest common divisor of 127368 and 953752.
232
What is the highest common divisor of 1995 and 2804799?
57
Calculate the highest common divisor of 93458 and 1164284.
1126
Calculate the greatest common factor of 966 and 89125644.
138
Calculate the highest common factor of 14154 and 384.
6
What is the highest common factor of 310646 and 54880?
14
Calculate the highest common divisor of 149855760 and 1440.
720
Calculate the highest common divisor of 7544 and 299792.
328
Calculate the greatest common factor of 10479135 and 13065.
1005
What is the highest common factor of 2253 and 253907092?
751
Calculate the highest common divisor of 354340 and 427.
7
Calculate the highest common factor of 25 and 1307770675.
25
Calculate the greatest common divisor of 180008112 and 48.
48
Calculate the highest common divisor of 339832 and 86456.
856
Calculate the greatest common divisor of 414162 and 11305.
133
What is the greatest common divisor of 86448698 and 28?
14
Calculate the highest common factor of 12993 and 288402.
213
What is the highest common factor of 2342803 and 1702?
851
Calculate the highest common factor of 7 and 2615790604.
7
Calculate the greatest common factor of 160 and 1625485.
5
What is the highest common factor of 778877 and 12751?
41
Calculate the greatest common factor of 40105078 and 1976.
26
What is the greatest common divisor of 21243 and 30652?
97
Calculate the greatest common factor of 147954906 and 4554.
4554
What is the greatest common factor of 5775 and 28227045?
1155
Calculate the greatest common factor of 11649 and 199.
1
Calculate the highest common factor of 9181942 and 154.
154
What is the greatest common factor of 854 and 4018802?
122
What is the highest common factor of 280 and 21909104?
56
What is the highest common factor of 21492 and 15012?
108
What is the highest common factor of 743736510 and 46?
46
Calculate the highest common divisor of 1762 and 954660410.
1762
Calculate the highest common factor of 5069 and 1025270.
37
Calculate the greatest common divisor of 3008 and 18892416.
64
Calculate the highest common factor of 515222872 and 194.
194
Calculate the greatest common divisor of 9017664 and 768.
192
What is the highest common factor of 244 and 313817794?
122
Calculate the greatest common divisor of 2828 and 52549492.
404
Calculate the highest common divisor of 16020 and 6070.
10
Calculate the highest common factor of 63480 and 10902.
138
What is the greatest common divisor of 892 and 160062?
2
What is the highest common divisor of 3324 and 1821?
3
Calculate the greatest common factor of 66 and 12320913.
33
Calculate the greatest common divisor of 565449714 and 58.
58
Calculate the highest common divisor of 26593646 and 678.
226
What is the greatest common divisor of 18 and 1922497596?
18
What is the greatest common divisor of 121 and 648267301?
121
Calculate the highest common divisor of 5863134 and 437.
19
What is the greatest common divisor of 203489 and 100837?
11
What is the highest common factor of 56189875 and 1225?
175
What is the greatest common factor of 27996 and 19837499?
2333
What is the highest common factor of 36790 and 34326485?
1415
What is the highest common factor of 365708 and 86485?
2471
Calculate the highest common factor of 19343 and 2240453.
667
What is the greatest common divisor of 198775 and 1225?
25
What is the highest common factor of 5480 and 104399480?
5480
Calculate the greatest common factor of 8645 and 1004367.
91
What is the highest common divisor of 280 and 387310?
70
What is the greatest common factor of 138954 and 2466?
6
What is the highest common factor of 11307 and 116571401?
3769
What is the highest common divisor of 390920 and 4466?
58
Calculate the greatest common factor of 2553 and 96053221.
851
Calculate the highest common factor of 69930 and 39801510.
1890
What is the greatest common divisor of 42938975 and 7282?
331
What is the highest common divisor of 11216 and 1000?
8
What is the greatest common factor of 25581276 and 1071?
63
What is the highest common divisor of 21609 and 40770891?
441
What is the highest common factor of 57456 and 67312?
112
Calculate the highest common divisor of 5984223 and 441.
147
Calculate the highest common divisor of 2035054776 and 1068.
1068
What is the greatest common factor of 15705512 and 48?
8
What is the greatest common factor of 137888 and 831792?
496
Calculate the highest common factor of 1452 and 37818.
66
What is the highest common factor of 600 and 839400?
600
What is the highest common divisor of 751847823 and 27?
9
What is the greatest common divisor of 610300 and 164900?
1700
Calculate the greatest common factor of 72004 and 35804372.
1532
Calculate the greatest common divisor of 99172223 and 964.
241
What is the greatest common factor of 2090872 and 23884?
28
Calculate the highest common factor of 1367324 and 73696.
1316
What is the greatest common divisor of 220906 and 18228?
434
Calculate the greatest common divisor of 327418 and 408954.
1274
Calculate the highest common factor of 21301478 and 59.
59
Calculate the greatest common factor of 380 and 119368412.
76
Calculate the highest common divisor of 11802 and 289338.
42
Calculate the greatest common factor of 700 and 17921575.
175
Calculate the highest common factor of 1647 and 1395497.
61
What is the greatest common factor of 4 and 219580516?
4
What is the highest common divisor of 180 and 19363740?
60
Calculate the highest common factor of 134028 and 1540081.
1241
Calculate the highest common factor of 155 and 44449505.
155
What is the highest common divisor of 169702 and 4756414?
1586
Calculate the highest common factor of 2558880 and 8160.
480
What is the highest common divisor of 48513070 and 39730?
1370
What is the highest common divisor of 103241 and 381004?
